{"id":61,"date":"2019-09-19T06:39:10","date_gmt":"2019-09-19T06:39:10","guid":{"rendered":"https:\/\/kudu-lesemagazin.de\/?page_id=61"},"modified":"2019-10-02T13:41:05","modified_gmt":"2019-10-02T13:41:05","slug":"und-wieso-kudu","status":"publish","type":"page","link":"https:\/\/kudu-lesemagazin.de\/index.php\/und-wieso-kudu\/","title":{"rendered":"Und wieso KUDU?"},"content":{"rendered":"<p><strong><img loading=\"lazy\" class=\"alignright size-full wp-image-130\" src=\"https:\/\/kudu-lesemagazin.de\/wp-content\/uploads\/2019\/10\/kooldu.jpg\" alt=\"\" width=\"220\" height=\"292\" \/>Nein, der Titel erkl\u00e4rt sich wirklich nicht ohne Weiteres. Aber muss er das?<\/strong><br \/>\nAls wir ihn zum ersten Mal einer noch kleinen Leserschaft vorstellten, dachten einige sofort an ein Wortspiel oder eine Abk\u00fcrzung. KUnst und DU? KUltur und DU.<br \/>\nNein, KUDU bezeichnet ein Tier. Eine afrikanische Antilopenart, um es genau zu sagen. Wenn ein Szenemagazin Marabu hei\u00dfen darf, eine Kinderzeitschrift nach dem Gecko benannt ist, ein Kinderbuchpreis auf den Namen Luchs h\u00f6rt, warum dann nicht einfach und einpr\u00e4gsam KUDU. Schauen Sie sich das Tier einmal an: Es ist anmutig, es ist stolz, es ist kr\u00e4ftig und selbstbewusst, wir finden die \u201eRallyestreifen\u201c witzig und das Geh\u00f6rn ist so wunderbar geschwungen, wie m\u00f6glicherweise das Denken die Richtung wechselt. Und all das w\u00fcrden wir uns f\u00fcr unser \u2013 nein, Ihr Lesemagazin doch w\u00fcnschen.\u201c<\/p>\n<p>Ihre KUDU-Redaktion<\/p>\n","protected":false},"excerpt":{"rendered":"<p>Nein, der Titel erkl\u00e4rt sich wirklich nicht ohne Weiteres. Aber muss er das? Als wir ihn zum ersten Mal einer noch kleinen Leserschaft vorstellten, dachten einige sofort an ein Wortspiel oder eine Abk\u00fcrzung. KUnst und DU? KUltur und DU. Nein, KUDU bezeichnet ein Tier. Eine afrikanische Antilopenart, um es genau zu sagen. Wenn ein Szenemagazin &hellip; <\/p>\n<p class=\"link-more\"><a href=\"https:\/\/kudu-lesemagazin.de\/index.php\/und-wieso-kudu\/\" class=\"more-link\"><span class=\"screen-reader-text\">\u201eUnd wieso KUDU?\u201c<\/span> weiterlesen<\/a><\/p>\n","protected":false},"author":2,"featured_media":0,"parent":0,"menu_order":0,"comment_status":"closed","ping_status":"closed","template":"","meta":{"spay_email":""},"_links":{"self":[{"href":"https:\/\/kudu-lesemagazin.de\/index.php\/wp-json\/wp\/v2\/pages\/61"}],"collection":[{"href":"https:\/\/kudu-lesemagazin.de\/index.php\/wp-json\/wp\/v2\/pages"}],"about":[{"href":"https:\/\/kudu-lesemagazin.de\/index.php\/wp-json\/wp\/v2\/types\/page"}],"author":[{"embeddable":true,"href":"https:\/\/kudu-lesemagazin.de\/index.php\/wp-json\/wp\/v2\/users\/2"}],"replies":[{"embeddable":true,"href":"https:\/\/kudu-lesemagazin.de\/index.php\/wp-json\/wp\/v2\/comments?post=61"}],"version-history":[{"count":3,"href":"https:\/\/kudu-lesemagazin.de\/index.php\/wp-json\/wp\/v2\/pages\/61\/revisions"}],"predecessor-version":[{"id":131,"href":"https:\/\/kudu-lesemagazin.de\/index.php\/wp-json\/wp\/v2\/pages\/61\/revisions\/131"}],"wp:attachment":[{"href":"https:\/\/kudu-lesemagazin.de\/index.php\/wp-json\/wp\/v2\/media?parent=61"}],"curies":[{"name":"wp","href":"https:\/\/api.w.org\/{rel}","templated":true}]}}